 335641
List the prime factors of 26667015.
3, 5, 41, 131, 331
List the prime factors of 42383138.
2, 7, 31, 1993
What are the prime factors of 100192444?
2, 11, 2277101
List the prime factors of 42867509.
41, 1045549
List the prime factors of 5268945.
3, 5, 11, 2903
List the prime factors of 181721164.
2, 45430291
What are the prime factors of 59887790?
2, 5, 71, 84349
List the prime factors of 467181863.
101, 1069, 4327
List the prime factors of 162299957.
19, 661, 12923
What are the prime factors of 2094599039?
13, 47, 83, 103, 401
What are the prime factors of 988095587?
988095587
List the prime factors of 150590209.
7, 11, 47, 41611
List the prime factors of 1150550924.
2, 53, 5427127
What are the prime factors of 103473039?
3, 34491013
List the prime factors of 2954872549.
103, 131, 218993
What are the prime factors of 235526082?
2, 3, 11, 3568577
What are the prime factors of 2031061406?
2, 11, 1597, 57809
What are the prime factors of 4112886257?
173, 1277, 18617
What are the prime factors of 47010165?
3, 5, 37, 71, 1193
List the prime factors of 185482107.
3, 20609123
What are the prime factors of 1184403459?
3, 394801153
List the prime factors of 36626365.
5, 7325273
List the prime factors of 127447871.
2411, 52861
List the prime factors of 2950164615.
3, 5, 17, 239, 48407
What are the prime factors of 34392265?
5, 6878453
List the prime factors of 184141195.
5, 7, 17, 309481
List the prime factors of 1639760682.
2, 3, 7, 647, 60343
What are the prime factors of 966590792?
2, 1019, 118571
What are the prime factors of 352364040?
2, 3, 5, 7, 127, 367
What are the prime factors of 743174643?
3, 23, 468289
List the prime factors of 87316574.
2, 43, 1015309
What are the prime factors of 480596099?
967, 496997
What are the prime factors of 4919922810?
2, 3, 5, 11, 4969619
List the prime factors of 1978097858.
2, 11, 1327, 67757
List the prime factors of 408580.
2, 5, 31, 659
List the prime factors of 2014744488.
2, 3, 47, 1786121
List the prime factors of 1717020832.
2, 59, 71, 12809
List the prime factors of 628670354.
2, 13, 24179629
What are the prime factors of 3353599124?
2, 7829, 107089
List the prime factors of 47957070.
2, 3, 5, 7, 23, 9929
What are the prime factors of 50582931?
3, 7, 29, 83059
What are the prime factors of 11987147?
11987147
What are the prime factors of 1875825580?
2, 5, 93791279
What are the prime factors of 1450626256?
2, 1801, 50341
What are the prime factors of 994127268?
2, 3, 47, 1762637
List the prime factors of 8435541021.
3, 2811847007
What are the prime factors of 148357949?
148357949
List the prime factors of 74394428.
2, 103, 180569
List the prime factors of 376315822.
2, 188157911
List the prime factors of 642723704.
2, 7, 337, 34057
List the prime factors of 5334665152.
2, 479, 174017
What are the prime factors of 1604262044?
2, 7, 11, 473513
What are the prime factors of 3291707327?
3373, 975899
List the prime factors of 105086778.
2, 3, 29, 603947
What are the prime factors of 230681436?
2, 3, 347, 55399
List the prime factors of 314445068.
2, 7, 43, 261167
List the prime factors of 200052398.
2, 7, 13, 47, 257
What are the prime factors of 40632124?
2, 13, 781387
What are the prime factors of 220860133?
13, 277, 61333
What are the prime factors of 105690713?
5501, 19213
What are the prime factors of 983207566?
2, 11, 181, 246913
List the prime factors of 620075318.
2, 12253, 25303
List the prime factors of 3084124008.
2, 3, 7, 1489, 12329
What are the prime factors of 37245230?
2, 5, 11, 547, 619
What are the prime factors of 25847412?
2, 3, 17, 126703
List the prime factors of 3248880913.
157, 20693509
List the prime factors of 158019742.
2, 73, 167, 6481
List the prime factors of 107812251.
3, 19, 630481
List the prime factors of 51627055.
5, 10325411
What are the prime factors of 20528128?
2, 20047
List the prime factors of 1892975836.
2, 179, 2643821
What are the prime factors of 175299418?
2, 7, 191, 65557
What are the prime factors of 34068994?
2, 3463, 4919
What are the prime factors of 177567830?
2, 5, 11, 569, 2837
List the prime factors of 5810899124.
2, 19, 23, 1051, 3163
What are the prime factors of 3563602768?
2, 11, 31, 653153
What are the prime factors of 151719241?
151719241
List the prime factors of 1108013793.
3, 369337931
List the prime factors of 1391451831.
3, 7, 11, 669289
What are the prime factors of 549679648?
2, 7, 350561
What are the prime factors of 608650145?
5, 53, 347, 6619
What are the prime factors of 202010191?
202010191
List the prime factors of 1151086150.
2, 5, 17, 577, 2347
What are the prime factors of 375082053?
3, 125027351
List the prime factors of 56625928.
2, 19, 372539
List the prime factors of 568771107.
3, 67, 2829707
List the prime factors of 18476744.
2, 11, 13, 31, 521
List the prime factors of 2216598907.
17, 59, 61, 36229
List the prime factors of 586014609.
3, 59, 283, 11699
What are the prime factors of 106638355?
5, 19, 179, 6271
What are the prime factors of 1109464247?
71, 421, 37117
What are the prime factors of 3559305?
3, 5, 237287
What are the prime factors of 461859814?
2, 13, 109, 162971
What are the prime factors of 2146014965?
5, 59, 149, 48823
What are the prime factors of 2178051442?
2, 7, 155575103
List the prime factors of 7732811499.
3, 7, 67, 277, 19841
List the prime factors of 1357276183.
29, 46802627
List the prime factors of 2824943.
11, 256813
What are the prime factors of 62140289?
43, 67, 21569
List the prime factors of 2241519491.
109, 20564399
List the prime factors of 12241175.
5, 23, 61, 349
What are the prime factors of 28034545?
5, 7, 11, 72817
What are the prime factors of 653343678?
2, 3, 13, 930689
List the prime factors of 2858474819.
2671, 1070189
List the prime factors of 56315869.
643, 87583
List the prime factors of 49720376.
2, 17, 365591
What are the prime factors of 72023491?
313, 230107
List the prime factors of 590966903.
17, 34762759
List the prime factors of 77297311.
7, 13, 113, 7517
What are the prime factors of 3260450958?
2, 3, 19, 389, 73523
List the prime factors of 817629902.
2, 8849, 46199
What are the prime factors of 89862430?
2, 5, 7, 199, 6451
List the prime factors of 1156474799.
23, 50281513
List the prime factors of 89815794.
2, 3, 17, 83, 103
What are the prime factors of 604838974?
2, 15149, 19963
What are the prime factors of 736959420?
2, 3, 5, 41, 99859
List the prime factors of 914838192.
2, 3, 401, 5281
What are the prime factors of 162545415?
3, 5, 17, 113, 5641
List the prime factors of 2384190101.
181, 13172321
What are the prime factors of 438681839?
1021, 429659
What are the prime factors of 355175975?
5, 7, 11, 307, 601
List the prime factors of 337827773.
199, 1697627
List the prime factors of 324206551.
23, 293, 48109
What are the prime factors of 720100043?
13, 727, 5861
What are the prime factors of 6563459242?
2, 331, 577, 17183
What are the prime factors of 83486926?
2, 41743463
What are the prime factors of 61440198?
2, 3, 10240033
What are the prime factors of 153321138?
2, 3, 2801, 3041
List the prime factors of 1265778501.
3, 13, 3347, 9697
What are the prime factors of 1880617987?
38351, 49037
What are the prime factors of 21659076?
2, 3, 22283
List the prime factors of 32666939.
1279, 25541
List the prime factors of 91796596.
2, 22949149
List the prime factors of 40919288.
2, 61, 71, 1181
List the prime factors of 39632622.
2, 3, 6605437
List the prime factors of 182273370.
2, 3, 5, 1091, 5569
What are the prime factors of 110880703?
43, 2578621
List the prime factors of 2585213655.
3, 5, 172347577
List the prime factors of 4290555711.
3, 13, 110014249
What are the prime factors of 1302204?
2, 3, 108517
What are the prime factors of 1356677946?
2, 3, 13, 41, 3449
List the prime factors of 681314922.
2, 3, 29, 337, 1291
What are the prime factors of 4331136200?
2, 5, 379, 57139
What are the prime factors of 116420353?
7, 19, 875341
List the prime factors of 4547696213.
4547696213
List the prime factors of 136068248.
2, 17008531
What are the prime factors of 48299976?
2, 3, 19, 3923
List the prime factors of 543700175.
5, 109, 199523
What are the prime factors of 380626897?
7, 31, 139, 12619
List the prime factors of 148976223.
3, 11, 4514431
List the pr